te h(y).
4
Let v(h) = h**2 - 7*h - 2. Suppose 0 = -35*g - 267 + 442. What is v(g)?
-12
Let l(t) = -7*t + 40. Let q(z) = -3*z + 37 + 7 - 3*z - 2*z + 0*z. Let d(i) = 4*l(i) - 3*q(i). Determine d(8).
-4
Suppose 2*n - 3*h = -11, h = n - 5 + 8. Let w(f) = 36*f**2 - 61*f**n + f**3 + 29*f**2. Determine w(-5).
-25
Let d be 1632/85 + -19 - ((-106)/5)/(-1). Let w(c) = c**3 + 21*c**2 - 2*c - 15. What is w(d)?
27
Suppose 0 = w + 4 - 2. Let s(a) be the second derivative of -5*a**3/6 - a**2/2 + 4*a - 1841. What is s(w)?
9
Let v(g) = -g + 7. Suppose 3*d = -5*m + 5, 5*d = 4*m - 7 + 3. Suppose 4*j + 5*l - 26 = d, -j + 10 = 3*l - 0. Let y be -3 - 3*(3 - j). Calculate v(y).
7
Let c(n) be the first derivative of 7*n**3/3 - n**2 - n - 107. Suppose 0 = 4*i - 9*i - 5. What is c(i)?
8
Let n(i) = 9*i + 7 + 2*i - 4*i - i**2. Suppose 906*r - 7084 + 1648 = 0. Give n(r).
13
Let m(y) = y**3 - 11*y**2 + 8*y - 22. Suppose -80 = -5*o - 30. Let b be m(o). Let q = b + 43. Let l(h) = h**3. What is l(q)?
1
Let c(f) = -f**2 + 56*f - 782. Let y be c(30). Let d(q) = -2*q**2 - 3*q + 1. Give d(y).
-1
Suppose -i - 3*i = -5*s - 22, 0 = 4*s + 8. Suppose -2*u - 328 = i*f, -4*f = -f - 4*u + 298. Let p = -106 - f. Let l(a) = a**2 - 16. Determine l(p).
-16
Let y(a) = -10*a + 324. Let t be y(32). Let z(o) be the second derivative of 17*o + 0 + 3*o**2 + 1/12*o**t - 4/3*o**3. Give z(6).
-6
Let t(r) = 14*r**2 + 52*r - 15. Let h be t(-4). Let y be 10/(-55) - (-70)/22. Let j(a) = 0*a**3 - 2*a**y + a**3. Calculate j(h).
-1
Suppose -3*l + 6 = 3*s, -2*s - 1 = l - 2. Let a(j) = j**3 - 4*j**2 - 8*j - 3*j + 7 + j + 5*j + 0*j**l. Determine a(5).
7
Let s = 61 + -52. Let y(v) = -892 + 5*v**2 - s*v - 3*v**2 + 882. Let m be y(5). Let g(i) = -i - 4. Determine g(m).
1
Let p(c) = -3. Let x(w) = -2*w - 5. Suppose -5*d + 28 = -3*g, 16 - 1 = 3*d. Let v(u) = g*x(u) + 4*p(u). Calculate v(-3).
-13
Let s(k) = -k**2 - 2*k - 20. Let v be ((-7)/(-14) + 5/(-6))*15. Let j(t) = -t - 9. Let f(d) = v*j(d) + 2*s(d). Calculate f(-4).
-31
Let d(y) be the first derivative of -y**6/360 - y**5/30 + 3*y**4/8 + 2*y**3/3 + 7*y**2 - 53. Let m(z) be the third derivative of d(z). Determine m(-8).
-23
Let u(y) = 2*y - 160 - 3*y - 137 + 319. Give u(22).
0
Let t(n) be the second derivative of 27*n + 1/6*n**3 - 3*n**2 + 0. Give t(-6).
-12
Let w(b) = -b - 117 - 131 + 383 - 127. Let t(p) = p**2 + 5*p + 5. Let o be t(-5). Suppose 30 = -0*n + o*n. Determine w(n).
2
Let u = -14547 + 14553. Let s(l) = l**3 - 2*l**2 - 21*l + 7. Determine s(u).
25
Suppose -12*y + 49 = -5*y. Suppose y*t - 5*x = 3*t + 108, -4*t - 3*x + 76 = 0. Let h(f) = 8 - 25*f + 0*f**3 + f**3 - 7*f**2 + t*f + 0*f**3. What is h(7)?
-13
Let r(d) = 3 + 3*d - 1 - 4*d + 5. Suppose 32*n - 5*n - 81 = 0. Determine r(n).
4
Let m(y) = -2*y - 8. Let q(d) = 16*d - 39. Let u(i) = 3*m(i) + q(i). What is u(7)?
7
Let q be -18*(16/(-8) + -4 - (-38)/6). Let k(v) = v**2 - 3*v - 49. Determine k(q).
5
Let v = 364 + -323. Let g(r) = -23*r + 14 + 29*r - v. Give g(5).
3
Suppose 24*l = 8*l + 32. Let k(r) = 2 - 4*r**2 + 2 - 5*r**l - 8*r**3 + 9*r**3 + 4*r**2. Calculate k(5).
4
Let x(d) = -14*d. Let b be -10 - (12 - (-46)/(-2)). Determine x(b).
-14
Suppose 2*k + y + 8 = 0, 6*y = 2*k + 4*y + 20. Let f(l) = l**3 + 6*l**2 + 7*l - 5. Calculate f(k).
-47
Let y(f) = -2*f**2 - 1 - 13039*f - f**3 + 13046*f - 9. Determine y(-4).
-6
Let x(j) = -j + 21 + 3*j**2 - 21*j**2 - j**3 - 87 + 14*j + 3*j. Let q be x(-19). Let z(i) = i + 2. Calculate z(q).
-7
Let v(l) be the first derivative of -l**3/3 + 3*l**2/2 + 5*l + 2. Suppose -639 = -324*f + 981. What is v(f)?
-5
Let f = 1633 + -1628. Let g(v) be the third derivative of -1/8*v**4 + 0*v**3 + 1/120*v**6 + 36*v**2 + 0 + 1/15*v**f + 0*v. Determine g(-5).
-10
Let a(g) = 2*g - 2. Let z(c) = -13*c + 315. Let j(s) = a(s) + z(s). Calculate j(28).
5
Let f(u) = 2*u**2 + 5*u - 1. Let k(b) = 15*b**2 - 11*b - 61. Let y(d) = 6*f(d) - k(d). What is y(15)?
-5
Let o(x) be the third derivative of x**5/60 - x**4/12 + 2*x**3/3 + x**2. Suppose -8*n = -10*n + 12. Suppose -30 + 12 = -n*q. Determine o(q).
7
Let b(k) = -k**2 + 22*k - 130. Suppose -3*m + 2*f + 42 = 0, 8 = -m - 469*f + 466*f. Determine b(m).
-10
Let d(l) = 2*l**3 - 4*l**2 + 1. Let g(h) = -10*h**3 + 26*h**2 - h - 7. Let r(s) = 13*d(s) + 2*g(s). Calculate r(2).
43
Let q(c) be the third derivative of -5*c**4/12 - 3*c**3/2 - 2825*c**2. Let w(s) = -3*s**2 + 4*s - 2. Let g be w(2). Calculate q(g).
51
Suppose 4*v = -g - 15, v + 25 = -2*g + 6*g. Suppose -g*n - q - 20 = 0, -4*q + 3*q = 0. Let x(l) = 4*l - 5 + 4 - 2*l - 1. Determine x(n).
-10
Let f(i) = 3*i**2 - 93*i - 22. Let k(p) = -13*p**2 + 391*p + 92. Let y(q) = 21*f(q) + 5*k(q). Let c(r) = -r**3 + 5*r**2 + 3. Let j be c(5). What is y(j)?
-14
Let d(x) = 2*x**3 - 18*x**2 + 5*x + 30. Let q be d(9). Let z = q - 77. Let h(y) = 4*y**3 + 2*y**2 - 2*y - 1. Give h(z).
-21
Let u(m) be the second derivative of -14*m**3/3 - 101*m**2 + 530*m. What is u(-7)?
-6
Let m(i) be the third derivative of 0 + 0*i - 16*i**2 + 1/24*i**4 - 2*i**3. Give m(9).
-3
Let j = 50 + -55. Let b(x) be the first derivative of 5*x**2 + 6*x + 145. Calculate b(j).
-44
Let k(z) be the third derivative of z**4/12 + 23*z**3/6 + 487*z**2. What is k(5)?
33
Let j(o) = -3*o - 9. Let f(h) = -57*h - 32. Let b(k) = f(k) - 4*j(k). What is b(-2)?
94
Let d(n) be the first derivative of -n**4/4 + n**3/3 - n**2/2 + 39*n + 1485. Calculate d(0).
39
Let q be -5 - 63/(-13) - 534/78. Let g(o) be the first derivative of -3*o**2/2 - 10*o + 22. Calculate g(q).
11
Let h be (1 - -1)*1/(-2). Let n(g) = 2 - 3 + 4 + 2*g - 358129*g**2 - 2*g**3 + 358131*g**2 - 3. Give n(h).
2
Suppose -16 = 47*w - 43*w. Let j be 52/65*10/w. Let v(b) = 4*b + 3. What is v(j)?
-5
Suppose 6 = -2*k + 4. Let p(v) be the first derivative of -v**2 - v + 5. Determine p(k).
1
Let j(d) = -d**2 - 6*d - 25. Let b be j(-4). Let z(t) = 45533*t + t**3 - 2*t**3 + 21 - 17*t**2 - 45532*t + 2. Calculate z(b).
6
Let m(i) = -i**2 + 3*i + 13. Let d be m(6). Let s = -1 - d. Let w(k) = -9 + 0 + 2 - k + 4 + 4*k**2 - k**3. What is w(s)?
-7
Let s(k) = -k**2 - 7*k - 7. Let j = -17 + 53. Let a = -248 + 251. Suppose 21 - j = a*i. Give s(i).
3
Suppose -5*h = -4*h - 3, -18 = -l - 5*h. Let o(r) = 6*r - 2*r + 3 - l*r. Suppose -103*x + 130 = 2*y - 95*x, -3*x = 4*y - 39. Give o(y).
0
Let c(b) = -61*b + 108 + 194 + 74 + 2 - 2*b. What is c(6)?
0
Let j = -4 - -9. Let i be (j/2)/((-3)/12). Let o(f) = -25*f**3 - 11*f**2 + 65*f - 4. Let z(y) = 6*y**3 - 19*y. Let b(v) = -o(v) - 4*z(v). What is b(i)?
-6
Let q(l) = 74*l + 59 - 204*l - 11 + 72*l + 54*l. Give q(29).
-68
Suppose -903 = 98*z - 399*z. Let q(i) = 2*i**2 + 13*i - 22. What is q(z)?
35
Let x(z) be the third derivative of 0*z - 5/12*z**4 - 1/60*z**5 + z**2 - 37 + 5/2*z**3. Determine x(-12).
-9
Let c(g) = 301*g + 604. Let z be c(-2). Let u(a) = -12*a + 27. Calculate u(z).
3
Let u(z) = z**3 + 3*z**2. Let q be 2072/(-1332) + 2 + 22/(-9). Give u(q).
4
Let p(l) = -28*l + 7*l**2 - 11*l + 20*l - 8. Let j(z) = 27*z + 22*z - 10*z**2 + 12 - 21*z. Let g(h) = 5*j(h) + 7*p(h). Give g(6).
10
Let c = -24197 - -24235. Let d(p) = 7*p - 251. Determine d(c).
15
Let y(g) = g**3 + 3*g**2 - 9*g + 7. Let l be y(-5). Let k(f) = -5*f**2 + 3*f**2 + 7*f + 4*f**2 + 8 - f**l. Determine k(-5).
-2
Suppose 4*y + q + 2 = 13, -14 = -4*y - 2*q. Let l(a) = -5 + y*a**2 - a**3 + 55*a + 1 - 22*a - 28*a. Let m be 1 + 2 + 0/(-1). What is l(m)?
2
Suppose -4*s = -17 - 7. Let h(n) be the third derivative of n**4/8 - 5*n**3/2 - 814*n**2. What is h(s)?
3
Let w(i) = -i**3 + 5*i**2 + 8*i - 7. Let k be (-20)/1*3/(-6). Suppose -2 - k = -4*x. Suppose 0*f - 18 = -x*f. Determine w(f).
5
Suppose 3*a + 1 = 4*l - 16, -4*l = -a - 19. Let o(v) = -7*v + 25. Let k be o(l). Let x(g) = -g**3 - 10*g**2 - g + 10. Calculate x(k).
20
Let d = 302 - 299. Let p(s) = 70*s**3 - 2*s + 11 - 9*s**2 - 19*s**d - 50*s**3. Let q be ((-6)/(-4))/3*18. Calculate p(q).
-7
Let m be (1 - (-154)/(-70))/(3/10). Let f be (1/m)/((-5)/40)*7. Let z(t) = -t + 10. What is z(f)?
-4
Let n(i) = -4*i - 3. Suppose -4*k = -5*z + 3, 2*k + k - 12 = -z. Suppose -5*c = -k*y + 2*y + 7, 0 = -3*y - 3*c - 15. What is n(y)?
9
Let q(x) = -98 - 77 + 3*x**2 + x + 172 + x. Determine q(-4).
37
Suppose -2938 + 2894 = -2*r. Let k be r/44*(0 + 0/(-1)). Let g(l) = 3*l + 3*